lse
Is 42293110337 composite?
False
Is 17036869 a prime number?
True
Is 1909166507 composite?
False
Is 575847913 composite?
False
Is 31715710909 prime?
False
Is 1527843127 prime?
True
Is 212204989 composite?
True
Is 716750483 prime?
False
Is 7500014369 a composite number?
False
Is 988389079 prime?
False
Is 364487159 a prime number?
False
Is 1456729399 prime?
True
Is 12639584497 composite?
False
Is 490244047 prime?
False
Is 884704549 a prime number?
True
Is 1094601727 composite?
True
Is 31046005357 a composite number?
False
Is 21333172535 composite?
True
Is 65012393933 prime?
True
Is 59552759663 a prime number?
True
Is 13674048403 a prime number?
True
Is 6787188727 prime?
False
Is 904920829 a composite number?
True
Is 12379142821 prime?
True
Is 2488582693 a composite number?
True
Is 166697443 a prime number?
False
Is 200742371 prime?
False
Is 38083729 composite?
False
Is 794601253 a prime number?
True
Is 164366102283 prime?
False
Is 71739126533 composite?
True
Is 90263869 prime?
False
Is 15416009801 a composite number?
False
Is 80989729 a composite number?
False
Is 241186837 composite?
True
Is 25684159027 a composite number?
False
Is 5115276389 a prime number?
False
Is 421808147 a composite number?
True
Is 21573177526 prime?
False
Is 1090120651 composite?
False
Is 14064264086 prime?
False
Is 5561416531 a prime number?
False
Is 4855225603 a composite number?
False
Is 20578405433 composite?
False
Is 465787522945 a composite number?
True
Is 696266611 composite?
True
Is 557041063 prime?
False
Is 17252178701 composite?
False
Is 1826140937 composite?
False
Is 2287932877 prime?
False
Is 49787506117 a prime number?
False
Is 12735862957 composite?
False
Is 3957819349 a composite number?
True
Is 15209672479 a prime number?
False
Is 23834806903 a prime number?
False
Is 28232168347 prime?
True
Is 531314543 a composite number?
True
Is 3474668407 composite?
True
Is 5768232391 a composite number?
True
Is 2722540213 a prime number?
False
Is 1933289837 composite?
True
Is 10637937389 prime?
True
Is 925392241 prime?
True
Is 18864432841 prime?
True
Is 8495504317 prime?
False
Is 14866237807 a prime number?
False
Is 635530921 a composite number?
False
Is 141160121 a composite number?
False
Is 263409487 a prime number?
False
Is 10287283307 a prime number?
False
Is 1847866301 composite?
True
Is 2035713089 a prime number?
True
Is 10696631683 a composite number?
False
Is 13579672163 composite?
False
Is 32170513829 a prime number?
True
Is 45340687619 prime?
True
Is 306693169 a composite number?
False
Is 4274536087 composite?
False
Is 38924218679 prime?
False
Is 17354077271 prime?
False
Is 8945732879 composite?
False
Is 387054641 a composite number?
False
Is 13232691383 a composite number?
False
Is 427100719 a prime number?
False
Is 12781082323 a composite number?
True
Is 21271264601 prime?
False
Is 1127249479 a composite number?
False
Is 150938383 a composite number?
False
Is 152596006939 prime?
True
Is 1603862833 prime?
False
Is 30103562011 a prime number?
True
Is 15772645661 composite?
False
Is 1477867561 a composite number?
False
Is 2328484853 prime?
False
Is 48223943 prime?
False
Is 589196021 composite?
True
Is 1837799503 a prime number?
False
Is 1549683881 a prime number?
True
Is 5402222537 prime?
True
Is 50196763 a prime number?
False
Is 6071720342 a prime number?
False
Is 13949889313 a prime number?
True
Is 3750959939 composite?
True
Is 666013 a composite number?
False
Is 734299367 composite?
True
Is 552365833 prime?
True
Is 18993947303 a prime number?
False
Is 9175533673 prime?
True
Is 74851961123 a prime number?
True
Is 681667499 a composite number?
True
Is 7864942705 a composite number?
True
Is 363627631 prime?
False
Is 6880584793 a prime number?
False
Is 108863501 a prime number?
False
Is 7890959969 composite?
True
Is 473301461 composite?
False
Is 3295721257 prime?
False
Is 109385683 a prime number?
False
Is 88704373073 a composite number?
True
Is 11904726467 a prime number?
True
Is 3951800969 a prime number?
True
Is 19016834531 composite?
True
Is 48521747 prime?
False
Is 3489075311 composite?
True
Is 44987143793 a composite number?
False
Is 3352128803 composite?
True
Is 4232120273 a prime number?
False
Is 3109665859 a composite number?
True
Is 102207196789 prime?
True
Is 1530931337 composite?
True
Is 1851203657 composite?
True
Is 17637533365 a prime number?
False
Is 12414844077 a prime number?
False
Is 152341793 composite?
False
Is 715456039 prime?
False
Is 2846461229 prime?
True
Is 40234211 prime?
True
Is 993848829 composite?
True
Is 1929156115 a prime number?
False
Is 28520537 prime?
False
Is 19147273861 a composite number?
False
Is 84226939507 a composite number?
False
Is 854299087 prime?
False
Is 45056993 a prime number?
True
Is 138689373 a composite number?
True
Is 1143826799 a prime number?
False
Is 177252421433 a prime number?
False
Is 738097993 a prime number?
False
Is 232117321 composite?
True
Is 7559889143 a prime number?
True
Is 7544144249 prime?
False
Is 51583728821 prime?
False
Is 93403422347 a prime number?
True
Is 21002155037 prime?
False
Is 128289709 composite?
False
Is 7465812539 composite?
False
Is 1382396711 composite?
True
Is 846334063 prime?
False
Is 196477777 a composite number?
False
Is 9884533037 prime?
True
Is 36070398509 a prime number?
True
Is 375253297 prime?
False
Is 34441069711 prime?
False
Is 228075767 prime?
False
Is 25692528283 a prime number?
False
Is 590071913 prime?
True
Is 9672495557 prime?
True
Is 1636232749 a prime number?
True
Is 311380787 prime?
False
Is 2693547359 composite?
True
Is 200782913 a prime number?
False
Is 4295224147 a prime number?
True
Is 6015217289 composite?
True
Is 60311124119 prime?
False
Is 89000632165 prime?
False
Is 44952217 composite?
False
Is 54114394937 composite?
True
Is 5143709531 composite?
True
Is 25079684221 a composite number?
False
Is 77167283 composite?
True
Is 660351697 a composite number?
True
Is 1950110473 a composite number?
False
Is 44569531 prime?
True
Is 1604125951 a composite number?
True
Is 592653253 prime?
False
Is 1047534661 a composite number?
True
Is 1582627441 prime?
True
Is 11553580909 a prime number?
False
Is 683141351 prime?
True
Is 12201583741 composite?
True
Is 10551147253 prime?
True
Is 3693659653 a composite number?
True
Is 6338624923 a composite number?
False
Is 60806162401 a prime number?
False
Is 231399521 composite?
True
Is 19012949899 composite?
True
Is 24276635 composite?
True
Is 2546791279 composite?
False
Is 553371299 prime?
False
Is 58625087 composite?
True
Is 1524906067 composite?
False
Is 2688374659 a prime number?
True
Is 11653275257 a prime number?
False
Is 3187850233 a prime number?
True
Is 23397851507 composite?
True
Is 147876067 a composite number?
True
Is 2814375787 a prime number?
True
Is 9097862147 prime?
False
Is 10828431337 composite?
False
Is 3190776841 composite?
True
Is 43013978291 composite?
False
Is 4006464587 prime?
True
Is 27599804429 composite?
False
Is 64105193 composite?
False
Is 986918963 a composite number?
False
Is 2134804513 a composite number?
False
Is 1913454121 composite?
False
Is 39736669989 prime?
False
Is 3990858463 a composite number?
False
Is 45938773403 a prime number?
True
Is 174989749159 a prime number?
False
Is 22119972631 prime?
False
Is 45600335381 composite?
True
Is 50786192407 a composite number?
True
Is 1229579119 prime?
True
Is 62481096857 a prime number?
True
Is 564826607 a composite number?
True
Is 59490593347 composite?
False
Is 1541425579 prime?
True
Is 5530002317 a composite number?
True
Is 8307809087 a prime number?
True
Is 4122974617 composite?
False
Is 2905122383 a prime number?
True
Is 9356584337 a composite number?
True
Is 5890719981 a composite number?
True
Is 3522753739 prime?
True
Is 610578667 a prime number?
True
Is 22585612263 prime?
False
Is 392232241 prime?
False
Is 1892005937 a prime number?
True
Is 1544857687 prime?
False
Is 71891711 prime?
True
Is 388182959 prime?
False
Is 109760767 a composite number?
False
Is 1007762906 a composite number?
True
Is 18405333593 composite?
False
Is 784659727 composite?
False
Is 4146482127 prime?
False
Is 85186392223 a composite number?
False
Is 5136102581 a prime number?
False
Is 1489806457 a prime number?
True
Is 14395393 a prime number?
False
Is 1749383869